rs of 66138?
2, 3, 73, 151
What are the prime factors of 73040?
2, 5, 11, 83
What are the prime factors of 99542?
2, 71, 701
List the prime factors of 688075.
5, 17, 1619
List the prime factors of 1673885.
5, 334777
What are the prime factors of 1037889?
3, 115321
What are the prime factors of 335174?
2, 7, 89, 269
What are the prime factors of 11908245?
3, 5, 17, 41, 67
List the prime factors of 8191151.
23, 356137
List the prime factors of 437710.
2, 5, 7, 13, 37
List the prime factors of 1348728.
2, 3, 56197
What are the prime factors of 3134437?
71, 131, 337
List the prime factors of 2211291.
3, 277, 887
What are the prime factors of 291503?
291503
List the prime factors of 375274.
2, 187637
What are the prime factors of 61982?
2, 17, 1823
What are the prime factors of 993264?
2, 3, 20693
What are the prime factors of 5536877?
5536877
List the prime factors of 1180989.
3, 131221
List the prime factors of 6714604.
2, 13, 129127
List the prime factors of 264960.
2, 3, 5, 23
List the prime factors of 13073397.
3, 59, 233, 317
List the prime factors of 265758.
2, 3, 44293
What are the prime factors of 137562?
2, 3, 101, 227
What are the prime factors of 1063106?
2, 11, 23, 191
What are the prime factors of 15134682?
2, 3, 2522447
What are the prime factors of 1046414?
2, 523207
List the prime factors of 919907.
313, 2939
What are the prime factors of 217459?
11, 53, 373
What are the prime factors of 50073?
3, 16691
List the prime factors of 514365.
3, 5, 53, 647
List the prime factors of 449880.
2, 3, 5, 23, 163
What are the prime factors of 8501120?
2, 5, 37, 359
What are the prime factors of 2979676?
2, 7, 106417
What are the prime factors of 732641?
7, 13, 83, 97
List the prime factors of 677248.
2, 11, 13, 37
List the prime factors of 242350.
2, 5, 37, 131
What are the prime factors of 1352843?
17, 79579
What are the prime factors of 131190?
2, 3, 5, 4373
What are the prime factors of 9129819?
3, 71, 42863
What are the prime factors of 8985908?
2, 31, 72467
What are the prime factors of 418711?
433, 967
List the prime factors of 139078.
2, 69539
List the prime factors of 17489434.
2, 8744717
List the prime factors of 189134.
2, 11, 8597
What are the prime factors of 487116?
2, 3, 7, 1933
What are the prime factors of 158799?
3, 43, 1231
List the prime factors of 7915100.
2, 5, 79151
What are the prime factors of 493123?
493123
What are the prime factors of 27773601?
3, 59, 156913
What are the prime factors of 192042?
2, 3, 47, 227
List the prime factors of 10114645.
5, 101, 20029
What are the prime factors of 2489066?
2, 1244533
What are the prime factors of 803629?
803629
List the prime factors of 710521.
7, 101503
List the prime factors of 2277126.
2, 3, 42169
What are the prime factors of 8297479?
17, 28711
What are the prime factors of 16075456?
2, 251179
What are the prime factors of 763698?
2, 3, 13, 9791
What are the prime factors of 919536?
2, 3, 19157
What are the prime factors of 2532967?
23, 110129
What are the prime factors of 442301?
19, 23279
List the prime factors of 5752939.
5752939
List the prime factors of 21781.
23, 947
What are the prime factors of 9706301?
11, 882391
What are the prime factors of 997052?
2, 7, 5087
List the prime factors of 6805577.
6805577
List the prime factors of 2287707.
3, 17, 31, 1447
What are the prime factors of 364546?
2, 7, 13, 2003
List the prime factors of 3138720.
2, 3, 5, 13, 503
What are the prime factors of 2150254?
2, 311, 3457
What are the prime factors of 2733611?
31, 109, 809
List the prime factors of 564771.
3, 79, 2383
What are the prime factors of 398608?
2, 7, 3559
List the prime factors of 709086.
2, 3, 7, 16883
What are the prime factors of 6775616?
2, 23, 4603
What are the prime factors of 2460985?
5, 331, 1487
List the prime factors of 269558.
2, 53, 2543
What are the prime factors of 609674?
2, 13, 131, 179
What are the prime factors of 944049?
3, 109, 2887
What are the prime factors of 14513953?
37, 392269
What are the prime factors of 1067427?
3, 118603
What are the prime factors of 2281308?
2, 3, 151, 1259
List the prime factors of 1852425.
3, 5, 8233
List the prime factors of 636401.
101, 6301
What are the prime factors of 7370530?
2, 5, 737053
List the prime factors of 5077832.
2, 17, 37337
List the prime factors of 10508745.
3, 5, 13, 53891
What are the prime factors of 5470068?
2, 3, 599, 761
List the prime factors of 191189.
191189
What are the prime factors of 156410?
2, 5, 15641
What are the prime factors of 8877?
3, 11, 269
What are the prime factors of 126913?
126913
What are the prime factors of 3079159?
17, 19, 9533
What are the prime factors of 1389168?
2, 3, 11, 877
List the prime factors of 140613.
3, 11, 4261
What are the prime factors of 110439?
3, 7, 1753
What are the prime factors of 1035754?
2, 517877
List the prime factors of 3864370.
2, 5, 386437
What are the prime factors of 29787513?
3, 7, 1418453
What are the prime factors of 9686952?
2, 3, 11, 151
List the prime factors of 470255.
5, 163, 577
What are the prime factors of 309430?
2, 5, 11, 29, 97
List the prime factors of 29859673.
43, 157, 4423
List the prime factors of 32545206.
2, 3, 602689
List the prime factors of 14119751.
109, 129539
List the prime factors of 14280760.
2, 5, 13, 29, 947
List the prime factors of 1170754.
2, 13, 37, 1217
List the prime factors of 27793904.
2, 971, 1789
List the prime factors of 4195621.
4195621
List the prime factors of 184508.
2, 193, 239
What are the prime factors of 15661606?
2, 53, 71, 2081
List the prime factors of 1186182.
2, 3, 65899
List the prime factors of 160546.
2, 80273
List the prime factors of 27424880.
2, 5, 7, 48973
List the prime factors of 2006728.
2, 250841
List the prime factors of 626966.
2, 131, 2393
What are the prime factors of 4116800?
2, 5, 31, 83
What are the prime factors of 2984?
2, 373
List the prime factors of 333467.
31, 347
What are the prime factors of 302615?
5, 29, 2087
What are the prime factors of 23571099?
3, 2619011
What are the prime factors of 217330?
2, 5, 103, 211
What are the prime factors of 3121522?
2, 257, 6073
What are the prime factors of 1817854?
2, 908927
List the prime factors of 4633414.
2, 2316707
List the prime factors of 532602.
2, 3, 7, 1409
List the prime factors of 11021858.
2, 1823, 3023
List the prime factors of 3868999.
3868999
List the prime factors of 2219043.
3, 41, 18041
List the prime factors of 767629.
191, 4019
What are the prime factors of 5042844?
2, 3, 53, 881
List the prime factors of 1225350.
2, 3, 5, 7, 389
List the prime factors of 2043957.
3, 211, 3229
What are the prime factors of 25783648?
2, 11, 6659
What are the prime factors of 19700914?
2, 9850457
What are the prime factors of 130694?
2, 101, 647
List the prime factors of 2450579.
151, 16229
What are the prime factors of 3990558?
2, 3, 11, 13, 4651
What are the prime factors of 189075?
3, 5, 2521
List the prime factors of 9141322.
2, 29, 397
List the prime factors of 719882.
2, 17, 31, 683
What are the prime factors of 4001390?
2, 5, 109, 3671
What are the prime factors of 22197547?
22197547
List the prime factors of 1399878.
2, 3, 83, 937
What are the prime factors of 16386596?
2, 971, 4219
What are the prime factors of 1021561?
1021561
List the prime factors of 8094797.
8094797
List the prime factors of 369562.
2, 79, 2339
List the prime factors of 592607.
269, 2203
List the prime factors of 7101438.
2, 3, 103, 11491
What are the prime factors of 560119?
7, 23, 71
List the prime factors of 256516.
2, 13, 4933
List the prime factors of 5846780.
2, 5, 283, 1033
List the prime factors of 1094517.
3, 31, 3923
What are the prime factors of 3073236?
2, 3, 47, 5449
List the prime factors of 1268407.
7, 181201
What are the prime factors of 9952058?
2, 4976029
What are the prime factors of 146011?
146011
List the prime factors of 9739536.
2, 3, 202907
List the prime factors of 60294.
2, 3, 13, 773
What are the prime factors of 13195486?
2, 397, 16619
What are the prime factors of 13255512?
2, 3, 17, 53, 613
What are the prime factors of 234925?
5, 9397
What are the prime factors of 4645198?
2, 47, 49417
What are the prime factors of 6541644?
2, 3, 347, 1571
List the prime factors of 2771956.
2, 11, 73, 863
List the prime fact